x) = 4*x**2 + 62*x - 31. Let l be d(-16). Let c(o) = -3*o**3 + o**2 - o - 1. Calculate c(l).
-4
Suppose 29 = x - 2*x + 5*b, -3*x + 4*b = 43. Let q = x - -11. Let i(h) = -h**2 - 1. Calculate i(q).
-5
Suppose 0 = 5*w - 5*a + 15, -24 = 4*w + 5*a - 3*a. Let k be 11 + ((-6 + -66)/6)/2. Let y(g) = 0 + g - k - 8*g - g**2 - 2. Determine y(w).
3
Suppose -20*k = -24*k + 12. Suppose -5*p = -0*p, 2*b - k*p = 18. Let z(u) = -u - 13. What is z(b)?
-22
Let a = 0 + -2. Let w(f) be the second derivative of -1/20*f**5 + 0 - 1/4*f**4 + 35*f - 1/2*f**3 - f**2. Determine w(a).
0
Let x(a) = 5*a - 11. Let v be x(6). Suppose -5*l - j = -3*l - 3, -2*j = l + 6. Suppose v - l = 5*b. Let p(d) = -d**3 + 4*d**2 - 2*d + 4. Calculate p(b).
7
Let w(j) be the third derivative of -j**6/24 - j**5/60 + j**4/12 + 2*j**3/3 - 4*j**2 - 502*j - 2. What is w(-2)?
36
Let o(f) = -3*f + 465 - 246 + 6*f - 232. Give o(-3).
-22
Let b(k) be the second derivative of 1/12*k**4 + 0 - 2*k + 9/2*k**2 - 5/6*k**3. Let a be b(4). Let u(j) = -j + 8. Calculate u(a).
3
Suppose x - 7553 = -3045. Let o(h) = x*h**2 + h**3 + 3 - 4503*h**2 + 2 + 5*h. Give o(-2).
7
Let m(w) = 4*w + 43. Let s be m(13). Let i(b) = -102*b + 385*b - 91*b - s*b + 24 - 99*b. Calculate i(15).
-6
Let t(q) = 112*q**2 + 2*q - 113*q**2 + 6 + 2*q. Suppose 0 = -2*l - 5*p - 5, 29 = 3*l - 2*p + 8. What is t(l)?
1
Let x(y) = -y**3 + 4*y**2 + 6*y - 9. Let i be (-422)/(3/3) + -4 - 1. Let g = -422 - i. Determine x(g).
-4
Suppose -282*v = -265*v - 68. Let g(o) = -v - 13*o - 5 + 14*o + 9 + o**2. Calculate g(1).
2
Let m(q) be the first derivative of q**4/4 - 2*q**3 + 3*q**2/2 - 5*q - 15. Suppose -4*i + 0*i + 132 = 0. Suppose 5*x - i = -3. Calculate m(x).
13
Suppose -163 = -11*d - 97. Let t(z) be the second derivative of z**4/12 - 5*z**3/6 - z**2 - 314*z. Give t(d).
4
Suppose -2*b = -2*y - 392, -b + 2*b = -3*y - 592. Let s = y - -191. Let k(n) = 2*n + n - 5*n - 7. Calculate k(s).
5
Let l(n) be the second derivative of -n**5/20 - n**4/2 - n**3/2 + 11*n**2/2 - 18313*n. Suppose 0*b - 5 = b. Determine l(b).
1
Let p(n) = -n**2 + 17*n - 50. Let w(b) = -2*b**2 - 105*b + 400. Let t be w(-56). Give p(t).
22
Let t(h) = -104*h + 86. Let x(g) = -34*g + 1. Let m(o) = -t(o) + 3*x(o). Determine m(25).
-33
Let s(y) = y**2 - 11*y - 219. Let l be s(-10). Let j(u) = 2*u - u - 2*u - 3. What is j(l)?
6
Let k(x) = -438*x**2 + 10 - 10*x - 33*x - 3*x + 441*x**2. Calculate k(15).
-5
Let n(g) be the second derivative of g**5/20 + 5*g**4/6 - 3*g**3/2 + 4*g**2 + 41*g - 1. Give n(-11).
-14
Let t = 144 - 75. Let k(i) = 2 + i**3 - 4*i + t*i**2 - 75*i**2 - 9 + 12*i. Suppose -3*y - 3*v = -21, 3*v + 4 = 5*v. What is k(y)?
8
Let d(z) be the third derivative of -z**7/2520 + z**6/40 - z**5/6 - 22*z**4/3 - 193*z**2. Let o(s) be the second derivative of d(s). Give o(17).
-3
Let a = -467 + 469. Let f be 17/(-4) + 3/12. Let z(j) = 4*j**2 - 5*j - 2. Let v(t) = -3*t**2 + 4*t + 2. Let x(d) = f*z(d) - 5*v(d). Give x(a).
-6
Let t(i) = -i**2 - 28*i - 78. Let z be t(-30). Let y = -141 - z. Let d(m) = m**3 + m**2 - 2. Determine d(y).
-20
Let s(t) be the second derivative of -t**6/120 - 7*t**5/60 + 5*t**4/12 - t**3/2 - 21*t**2/2 - 19*t. Let q(f) be the first derivative of s(f). Give q(-8).
-19
Let v = -319 - -354. Suppose 0 = -147*q + 142*q - v. Let o(t) = -t - 9. Let p(h) = 3*h + 27. Let u(g) = -11*o(g) - 4*p(g). Give u(q).
-2
Let r(v) be the first derivative of -22 + 1/2*v**2 + 1/6*v**3 - 2*v. Let b(n) be the first derivative of r(n). What is b(2)?
3
Let m(x) be the second derivative of x**4/12 + 4*x**3/3 + 6*x**2 + 1128*x. Give m(-8).
12
Let b(h) = 95*h**2 + 2*h - 15. Let c(v) = -269*v**2 - 5*v + 44. Let w(j) = -17*b(j) - 6*c(j). Determine w(-2).
-5
Let i(z) be the second derivative of -z**3/6 + 21*z**2/2 + z - 1763. Determine i(-14).
35
Let t(i) = 10*i - 4. Let m(o) = o**3 + 12*o**2 - 30*o + 7. Let x be m(2). Calculate t(x).
26
Let c = 4528 - 4545. Let g(j) = 3*j + 42. Calculate g(c).
-9
Let u(d) be the third derivative of 18*d**2 + 0 - 1/120*d**6 + 7/60*d**5 + 0*d**3 - 5/24*d**4 - 5*d. Calculate u(6).
6
Let h be 375/(-2)*(-8)/12. Suppose -41*v + 162 + h = 0. Let s(g) = g**2 - 6*g - 8. Determine s(v).
-1
Suppose 10023 = -5*f + 44*f. Let c(o) = -o + 256 - 508 + f. Determine c(4).
1
Let x(o) = 2*o + 5. Suppose -9*v = -14*v + 15. Let w be ((-4)/(-6))/(4 - 58/15). Suppose w - 17 = v*u - 3*z, -2*u - 15 = 5*z. Calculate x(u).
-5
Let z(g) = 6 - 100825*g - 16*g**2 + 100830*g + 0. Calculate z(-1).
-15
Let g(m) = -10 + 3 - 2*m**2 - 9*m + 3*m**2. Let a be 5/(5/(-98)) + 7 + -8. Let h be a/(-12) - 9/(-12). Calculate g(h).
-7
Let k(r) = -r**2 - 20 + r - 24 + 43. Let y(p) = -2*p**2 - 5 - 3*p**2 + p**2 + 5*p + 0. Let t(g) = -3*k(g) + y(g). Give t(3).
-5
Let m(s) = -5*s + 1483864 + 3*s**3 - 1483845 - 4*s**3 - 6*s**2 + 15*s. Determine m(-6).
-41
Let s(j) = 7*j - 30. Let r be (-6*1 + 2)*(-5)/10. Let v(a) = 3*a - 14. Let f(q) = r*s(q) - 5*v(q). What is f(9)?
1
Let z(a) = a**3 - 11*a**2 + 1. Let s(n) = n**3 - 34*n**2 - 31*n - 115. Let l be s(35). Let i be 22/(-10)*l/20*-4. Calculate z(i).
1
Let p = 9 + -6. Suppose 3*s = -3*t + 16 + 14, -s = 2*t - 15. Let n(h) = -h**p + t + 0*h**2 + 5 + 0*h**2 - h**2. Calculate n(0).
10
Let a be ((-1)/(-3))/((-1)/270*9). Let w(q) = -3*q - 29. Determine w(a).
1
Let q(n) = -n**3 + 4*n**2 + 3*n + 1. Let l be q(5). Let c(t) = -18*t + 1. Let i(z) = -251*z + 26. Let x(k) = -14*c(k) + i(k). What is x(l)?
3
Let v(l) = -2*l - 2422 + 1212 - l + 1217. Give v(11).
-26
Let k(v) = -v**2 + 3*v + 2. Let x(i) = i**2 - 41*i + 8. Let c(m) = 2*k(m) - x(m). Calculate c(16).
-20
Let u = -150 - -274. Let f(g) = -6 - 255*g + 2*g**2 + u*g + 123*g. What is f(6)?
18
Let u(p) = 3*p**3 + 9*p**2 + 15. Let m(o) = 4*o**3 + 14*o**2 + 22. Let r(c) = -5*m(c) + 7*u(c). Let v = 2598 - 2591. What is r(v)?
-5
Let d(x) = -2*x**3 + 58*x**2 - 11*x**2 - 15*x**2 - 17*x**2 + 3 - 13*x**2 + 2*x. Let y = -7 - -5. Determine d(y).
23
Let g(k) = -3*k**3 + 7*k**2 + 3*k. Let u(m) = 4*m**3 - 7*m**2 - 4*m. Let d(x) = -3*g(x) - 2*u(x). Let f be ((-3)/(-5))/(9/405). Let o = f + -20. Give d(o).
-7
Let q(a) = -122 + 88 + 0*a**2 + 5*a**2 - 3*a - 48 - a + 85 - a**3. Suppose -r - 10 = -3*r. Suppose 5*k - 8 = 2*w, 3*k + r*w - 1 - 10 = 0. Give q(k).
7
Let u(f) = -f**2 - 29*f - f**2 + 17*f - 31888 + 0*f**2 + 31895. Suppose 0 = s + 2*s + 2*b + 37, -3*s + b = 22. What is u(s)?
-47
Let i = -11 + 19. Suppose -3*v + i = 2. Let w(s) = s**2 + 18*s - 6. Let x(q) = 3*q - 1. Let o(c) = -w(c) + 5*x(c). Calculate o(v).
-9
Let f(g) = 103*g - 3537. Let p be f(34). Let t(n) = n**3 + 36*n**2 + 36*n + 5. Give t(p).
-30
Let w(l) = 12*l + 1. Suppose -4*o + 112 = -3*m - 0*m, -3*o + 67 = 2*m. Let j(s) = -50 + 2*s**2 + o - s**2 - 2*s. Let n be j(6). Determine w(n).
-11
Let a(r) be the first derivative of r**6/360 + r**5/15 - 7*r**4/24 - 107*r**3/3 - 118. Let n(z) be the third derivative of a(z). Calculate n(-8).
-7
Let m(u) = -187*u**3 - 172*u**2 + 338*u - 303. Let y(f) = -131*f**3 - 115*f**2 + 226*f - 202. Let p(h) = 7*m(h) - 10*y(h). Calculate p(52).
3
Let g(v) = -228*v - 41500. Let f be g(-182). Let u(h) = -3 - 5*h**2 + 3 - h**3 - 4*h. What is u(f)?
0
Let n(t) be the third derivative of t**6/120 + t**5/10 + t**4/24 - t**3/6 + t**2. Suppose 3*o + 332 - 299 = -4*x, -5*o = 3*x + 33. What is n(x)?
-7
Suppose -326*c + 315*c = -66. Let f(h) = 6*h**3 - 6*h**2 - 7*h + 5. Let m(o) = o**3 - o. Let n = 1 - -4. Let g(z) = n*m(z) - f(z). Determine g(c).
7
Let a = 6127 + -6121. Let g(l) = 3*l**2 - 21*l + 2. What is g(a)?
-16
Let b be 26/14*(-9 + 16). Let j(d) = 1 + d + 2 - 2 - b. Suppose u = -2*u + 21. Calculate j(u).
-5
Suppose -3*s - 5*i + 3236 - 3164 = 0, 0 = -4*s + i + 50. Let o(m) = m - 32. Calculate o(s).
-18
Let p(t) be the second derivative of -1/24*t**4 - t**2 + 0 + 1/3*t**3 - 9*t - 1/60*t**5. Let y(c) be the first derivative of p(c). What is y(-2)?
0
Let x(p) = 93*p**3 - 163*p**2 - 463*p + 23. Let k(b) = -13*b**3 + 23*b**2 + 66*b - 3. Let i(f) = 43*k(f) + 6*x(f). What is i(15)?
9
Let j(k) = 39*k + 21. Let b(s) = 161*s + 91. Let r(z) = 2*b(z) - 9*j(z). What is r(0)?
-7
Let a(r) = 2*r**2 - 7*r + 22. Let v(b) = 3*b**3 - 260*b**2 - 85*b - 171. Let x be v(87). Calculate a(x).
19
Suppose 38*m - 45*m + 35 = 0. Suppose m*v = -25, 4*k + 0*v + 7 = -3*v. Let n(i) = 7*i. Wha